{"id":493,"date":"2022-05-08T19:03:53","date_gmt":"2022-05-08T19:03:53","guid":{"rendered":"http:\/\/deel.quebec\/equipe\/nathalie-de-marcellis-warin\/"},"modified":"2022-05-08T19:03:53","modified_gmt":"2022-05-08T19:03:53","slug":"nathalie-de-marcellis-warin","status":"publish","type":"equipe","link":"https:\/\/deel.quebec\/en\/equipe\/nathalie-de-marcellis-warin\/","title":{"rendered":"Nathalie de Marcellis-Warin"},"content":{"rendered":"<p><strong>Professeure titulaire, D\u00e9partement de math\u00e9matiques et de g\u00e9nie industriel, Polytechnique Montr\u00e9al<\/strong><\/p>\n<p>Nathalie de Marcellis-Warin est professeure titulaire \u00e0 Polytechnique Montr\u00e9al dans le d\u00e9partement de Math\u00e9matiques et G\u00e9nie Industriel et Visiting Scientist au Harvard Center for Risk Analysis, Department of Environmental Health \u00e0 Harvard T. Chan School of Public Health. Elle a obtenu une maitrise de Math\u00e9matiques Appliqu\u00e9es et Sciences \u00c9conomiques et Sociales de l\u2019Universit\u00e9 Aix-Marseille III (major de promotion) et un Dipl\u00f4me d\u2019Etude Approfondie (DEA) en Th\u00e9orie de la D\u00e9cision et Micro\u00e9conomie des Risques de l\u2019\u00c9cole Normale Sup\u00e9rieure de Cachan (major de promotion). En 2000, elle obtient un doctorat de l\u2019\u00c9cole Normale Sup\u00e9rieure (Cachan, France) en Sciences de Gestion (sp\u00e9cialisation gestion des risques et assurance). D\u00e8s la fin de son doctorat, elle obtient la bourse d\u2019Excellence Jean Walter Zellidja de l\u2019Acad\u00e9mie Fran\u00e7aise et rejoint le Centre Interuniversitaire de recherche en Analyse des Organisations (CIRANO) pour effectuer un post-doctorat dans l\u2019\u00e9quipe du professeur Bernard Sinclair-Desgagn\u00e9. En 2002, elle devient directrice de projets de l\u2019Axe Risques technologiques, environnementaux et \u00e0 la Sant\u00e9 (RTES) puis en 2004 chercheure du Groupe Risque. En 2009, elle est nomm\u00e9e Fellow et vice-pr\u00e9sidente des groupes Risques et D\u00e9veloppement durable. Elle est aussi membre associ\u00e9e du Centre interuniversitaire de recherche, r\u00e9seau d\u2019entreprise, logistique et transport (CIRRELT) et du Centre interuniversitaire de recherche sur la science et la technologie (CIRST).<\/p>\n","protected":false},"excerpt":{"rendered":"Professeure titulaire, D\u00e9partement de math\u00e9matiques et de g\u00e9nie industriel, Polytechnique Montr\u00e9al Nathalie de Marcellis-Warin est","protected":false},"featured_media":438,"template":"","_links":{"self":[{"href":"https:\/\/deel.quebec\/en\/wp-json\/wp\/v2\/equipe\/493"}],"collection":[{"href":"https:\/\/deel.quebec\/en\/wp-json\/wp\/v2\/equipe"}],"about":[{"href":"https:\/\/deel.quebec\/en\/wp-json\/wp\/v2\/types\/equipe"}],"wp:featuredmedia":[{"embeddable":true,"href":"https:\/\/deel.quebec\/en\/wp-json\/wp\/v2\/media\/438"}],"wp:attachment":[{"href":"https:\/\/deel.quebec\/en\/wp-json\/wp\/v2\/media?parent=493"}],"curies":[{"name":"wp","href":"https:\/\/api.w.org\/{rel}","templated":true}]}}

<p><strong>Professeure titulaire, Département de mathématiques et de génie industriel, Polytechnique Montréal</strong></p>
<p>Nathalie de Marcellis-Warin est professeure titulaire à Polytechnique Montréal dans le département de Mathématiques et Génie Industriel et Visiting Scientist au Harvard Center for Risk Analysis, Department of Environmental Health à Harvard T. Chan School of Public Health. Elle a obtenu une maitrise de Mathématiques Appliquées et Sciences Économiques et Sociales de l’Université Aix-Marseille III (major de promotion) et un Diplôme d’Etude Approfondie (DEA) en Théorie de la Décision et Microéconomie des Risques de l’École Normale Supérieure de Cachan (major de promotion). En 2000, elle obtient un doctorat de l’École Normale Supérieure (Cachan, France) en Sciences de Gestion (spécialisation gestion des risques et assurance). Dès la fin de son doctorat, elle obtient la bourse d’Excellence Jean Walter Zellidja de l’Académie Française et rejoint le Centre Interuniversitaire de recherche en Analyse des Organisations (CIRANO) pour effectuer un post-doctorat dans l’équipe du professeur Bernard Sinclair-Desgagné. En 2002, elle devient directrice de projets de l’Axe Risques technologiques, environnementaux et à la Santé (RTES) puis en 2004 chercheure du Groupe Risque. En 2009, elle est nommée Fellow et vice-présidente des groupes Risques et Développement durable. Elle est aussi membre associée du Centre interuniversitaire de recherche, réseau d’entreprise, logistique et transport (CIRRELT) et du Centre interuniversitaire de recherche sur la science et la technologie (CIRST).</p>

Professeure titulaire, Département de mathématiques et de génie industriel, Polytechnique Montréal Nathalie de Marcellis-Warin est
